(r) = -r**2 + 10*r + 6. Let w be o(10). What are the prime factors of (2/w)/((-4)/c)?
19
Suppose 0 = 3*w - 2*w - 136. What are the prime factors of (-8)/(-28) + w/14?
2, 5
Let z = 9 - 12. List the prime factors of 2*(z - 93/(-6)).
5
Let b = 2 - 0. Suppose -d = -6 - b. What are the prime factors of d?
2
Let v(a) = -a - 8. Let u be v(-8). Let c be 2/(-4)*(-28 - 0). Suppose 0 = -n - u*n + c. What are the prime factors of n?
2, 7
Suppose -2*c = 3*c - 3*z - 12, 0 = c - 4*z - 16. Suppose -4*x = -c*x + 4, 0 = -m - 2*x + 56. What are the prime factors of 3/9 + m/6?
2, 5
Suppose -4*c = -2*c - i - 68, 4*i = 4*c - 128. What are the prime factors of c?
2, 3
Suppose -81 = -h + 3*j, 5*h + 4*j - 21 = 403. What are the prime factors of h?
2, 3, 7
Let l(g) = 7*g - 2. Let k = -12 - -29. Suppose j + 3*j - 5*z + k = 0, j + 2*z = 12. What are the prime factors of l(j)?
2, 3
List the prime factors of 0/(-5 + 3) + 36.
2, 3
Suppose -15 = b - 4*b. Suppose -144 = -b*t - n, t + n = -3*t + 115. What are the prime factors of t?
29
Suppose 3*v - n = 27, 9 + 0 = 3*n. Suppose 3*k = -v + 64. List the prime factors of k.
2, 3
Let d(v) = 0*v**2 - 2 - 8*v + 0 - 3 - v**2. Let n be d(-7). List the prime factors of n/8 + (-118)/(-8).
3, 5
Let x(z) = 10*z + z**2 - 14*z + 0 - 5 + 6*z**2. List the prime factors of x(-2).
31
Let z(g) = 9*g**2 + 2*g. List the prime factors of z(-2).
2
Let v(k) = k**2 - 5*k + 7. Let z be v(5). Suppose -5 = -q, 0 = -2*o + z*o + 5*q - 105. List the prime factors of o.
2
Suppose 6*r + 27 = 5*r. What are the prime factors of (-372)/r + (-4)/(-18)?
2, 7
Let j(f) = f**3 + 7*f**2 + 4*f - 6. What are the prime factors of j(-6)?
2, 3
Suppose -5*f + 22 = -0*f + 3*q, -2*f + 5*q = -15. Suppose -r + 5 = -f. Let a = r + -5. What are the prime factors of a?
5
Suppose 0 = -3*n + 8*n - 295. What are the prime factors of n?
59
Let u = 28 - 17. List the prime factors of u.
11
Let j = -9 + 4. Let q be (-10)/(-4)*(-6)/j. Suppose -a = -3*z - q, 9 = 5*z - 6. List the prime factors of a.
2, 3
Suppose 13*p - 8*p - 225 = 0. List the prime factors of p.
3, 5
Let x be ((-1)/(-1))/(5/30). Suppose 4*y - x*y + 32 = 0. List the prime factors of y.
2
Suppose -5*f = -3 - 12. Suppose 3*v + f*y + 42 = 0, 2*v + 4*y = 3*v + 4. List the prime factors of (-64)/v + 2/(-6).
5
Let j(p) = p**3 - 8*p**2 + 7*p + 9. Let m be (2/1)/(-1) - -4. Suppose m*n + 0*n - 14 = 0. What are the prime factors of j(n)?
3
Let h(c) = -c + 1. Let m be h(1). Let z = 14 + -8. Suppose m*f - f + z = 0. What are the prime factors of f?
2, 3
List the prime factors of ((-3)/(-2 - -8))/((-2)/808).
2, 101
Suppose -5*l = -9*l - 72. Let o be 10/(-45) + (-436)/l. Suppose g - o + 4 = 0. List the prime factors of g.
2, 5
Suppose -29 = 3*x - 95. Let f = 32 - x. What are the prime factors of f?
2, 5
Let s = 3 + -1. Suppose -s*y + 6 = 2. List the prime factors of y.
2
Suppose 3*i = 3*s - 3, s + 5*i = -4*s + 5. What are the prime factors of -50*(-3)/6*s?
5
Suppose -3*g - 2*g + w = -13, 0 = 5*g + 5*w + 5. Let n = 114 - 54. Suppose -28 = -g*k + 2*z - 4, -5*k + n = 2*z. List the prime factors of k.
2, 3
Suppose -y = 3*f - f - 1, 0 = 3*y + f + 7. List the prime factors of -1 + 15/(y + 6).
2
Let u(s) = 2*s + 3. List the prime factors of u(9).
3, 7
Let g(f) = f**3 - 4*f**2 + 3*f - 5. Let q be g(4). Suppose -2*r = -q*r + 155. List the prime factors of r.
31
Let f(z) = -2*z**2 + 12*z + 20. Let o(n) = n**2 - 6*n - 10. Let u(i) = -2*f(i) - 5*o(i). Let w be u(7). What are the prime factors of 6*(2 + w + -2)?
2, 3
Let p(k) = k + 5. Let z be p(0). Let o = 7 - z. List the prime factors of o.
2
What are the prime factors of ((-96)/(-16))/((-6)/(-164))?
2, 41
Let a(h) = h + 11 + 3 - 3*h - 1. List the prime factors of a(-11).
5, 7
Let w = 58 + -33. Let k = w - 8. What are the prime factors of k?
17
Suppose 12 = -n - 2*n. Let j be 4/(n/2) + -21. Let i = -13 - j. What are the prime factors of i?
2, 5
Suppose 5*o + 2*i = 23, -3*i + 14 + 8 = 5*o. Suppose -j + 3*q + 4 - 6 = 0, 10 = 5*j - o*q. What are the prime factors of j?
2
Suppose 0 = k - 3*k + 4. Suppose -k*s = -5*s + 42. Let l = -2 + s. What are the prime factors of l?
2, 3
Let s be (2/(-4))/((-1)/(-2)). Let f = s + -1. What are the prime factors of -1 - 0 - 16/f?
7
Suppose -w = -0*j + 5*j - 364, 0 = -3*w + 12. Suppose -j = -4*d - 20. What are the prime factors of d?
13
Suppose 4*l - 27 = 53. Let a = l + -12. What are the prime factors of a?
2
Suppose 2*m + 4*g = 276, -2*g + 418 = 3*m + 3*g. Let l = -101 + m. What are the prime factors of l?
3, 5
Suppose 0 = -6*g + 4*g + 16. What are the prime factors of 0 - (-39 + g/(-4))?
41
Suppose 3*r - 3*g = 720, 11*r - 8*r - 2*g - 716 = 0. List the prime factors of r.
2, 59
What are the prime factors of 202/6 - 2/(-6)?
2, 17
Suppose 0 = 2*z - 5*l - 217, -432 = -5*z + 5*l + 103. What are the prime factors of z?
2, 53
Let q = 13 - 1. Suppose 2*c + 2*s - s = q, 12 = c + 2*s. Suppose v - c = -0*v. List the prime factors of v.
2
Let b(m) = -m**3 - m + 1. Let n = 0 + -2. Let p(k) = -k - 4. Let o be p(n). List the prime factors of b(o).
11
Let l = -3 - -26. List the prime factors of l.
23
Let g(y) = -19*y**3 + 2*y + 1. Suppose -4*b - 3 = 1. What are the prime factors of g(b)?
2, 3
Let v(m) = -m**2 + 17. Let t be 2/2*0/4. What are the prime factors of v(t)?
17
Suppose 0 = -f - l + 8, 5*f + 0*f - 58 = 4*l. Let b be -13 + (0 - -1)/1. List the prime factors of f/4*b/(-10).
3
Suppose -4*y - 31 = 5. Let w = -7 - y. What are the prime factors of w?
2
Let b(h) = h**3 - 8*h**2 - h + 8. Let m be b(8). Suppose -2*k - 3*k + 30 = m. Suppose -k = -i - 2*i. List the prime factors of i.
2
List the prime factors of 2/4 + 15/2.
2
Suppose 0 = 2*c - 5*b + 22, -c - 2*b = 2*c - 5. What are the prime factors of c*(2 + -14) - 0?
2, 3
Suppose -2*g = n - 8, -3*n - g + 20 = 3*g. Suppose -18 - 10 = -n*s. List the prime factors of s.
7
Suppose 5*u = -10, 0 = -2*c - 0*u + u + 6. Suppose 0*h - 2 = c*q + 4*h, -h - 41 = -4*q. List the prime factors of q.
3
Suppose -u - t = -0*u + 8, -3*u - 32 = 5*t. Let g(f) be the second derivative of f**5/20 + f**4/2 + 5*f**3/6 - 2*f**2 + 5*f. List the prime factors of g(u).
2
Suppose 0 = -2*w - 0 + 10, -5*w + 65 = -5*r. Let q(i) = i + 24. Let h be q(-22). What are the prime factors of (36/(-16))/(h/r)?
3
Let b(m) = -m**3 + 3*m**2. Let j(s) = -3*s**3 + 8*s**2 + s. Let v(q) = 7*b(q) - 2*j(q). Let g be v(3). Let n = g + -8. List the prime factors of n.
2
Let o be 2/(-2) - 2 - 32. Let u = o + 76. Suppose 4*h - n - 3 = u, 2*n + 11 = h. What are the prime factors of h?
11
Suppose -4*k = 77 - 5. Suppose 5*o = 3*t - 55, -t - 3 = 5*o - 4*o. Let n = o - k. List the prime factors of n.
2, 5
Suppose -4*c - 27 - 33 = 0. Suppose -p - 4*p - 10 = 0. List the prime factors of c/10*p/1.
3
What are the prime factors of (3/(-4))/(30/(-80))?
2
Suppose 0 = -4*o + 4*s + 28, -3*s = -s - 10. What are the prime factors of o?
2, 3
Let q(f) = f**3 - 6*f**2 - 7*f + 2 + 2 + 2. List the prime factors of q(7).
2, 3
Let c(x) = -x - 6. Let d(n) = n + 6. Let q(s) = 4*c(s) + 5*d(s). Let l be q(-6). Suppose l = 3*z - 4*k, 3*z - k = -4*k + 21. List the prime factors of z.
2
Let s = -18 - -45. What are the prime factors of s?
3
Let t(k) = k**3 - 12*k**2 + 13*k - 4. Suppose -3*q = -4*m + 128, -5*m - 4 = 1. Let o be (q/(-16))/(2/8). What are the prime factors of t(o)?
2, 3
Suppose 5*h = 24 - 9. Suppose h*j - j - 54 = 0. What are the prime factors of j?
3
Let x = -4 + 7. What are the prime factors of x?
3
Suppose -g + t - 2 = -3*t, 0 = g + 3*t - 26. List the prime factors of g.
2, 7
Let k = 315 + -155. What are the prime factors of k?
2, 5
Let y be 183/(-21) - 2/7. Let g = 13 + y. Suppose -g*q + 16 = -2*q. What are the prime factors of q?
2
Let g(s) = -6*s**2 - s**3 - s**2 + 0 + 5 - 2. Let l(b) = b**2 - 6*b - 2. Let m be l(5). What are the prime factors of g(m)?
3
Let b = 46 + 68. What are the prime factors of b?
2, 3, 19
Let v(f) = 10*f**2 - f + 2. Let h(d) = -11*d**2 + 2*d - 2. Let s(b) = 4*h(b) + 5*v(b). List the prime factors of s(-2).
2, 5
Suppose 2*f = -f - 75. Let t = 37 + f. List the prime factors of t.
2, 3
Suppose 3*m = -2*m - 35. Let o(h) = -2*h - 2*h - 10 + h. List the prime factors of o(m).
11
Suppose 0*a = -a + 6. Suppose s + 30 = a*s. List the prime factors of s.
2, 3
Suppose 2*l - 3*l 